	{"id":399,"date":"2024-06-12T09:40:48","date_gmt":"2024-06-12T07:40:48","guid":{"rendered":"http:\/\/location-maison-emporda.com\/mirador-castello-empuries\/?page_id=399"},"modified":"2025-02-26T08:12:24","modified_gmt":"2025-02-26T07:12:24","slug":"photos","status":"publish","type":"page","link":"http:\/\/www.location-maison-emporda.com\/index.php\/photos\/","title":{"rendered":"Photos de la maison"},"content":{"rendered":"\r\n<h2 class=\"wp-block-heading\">Salon \/ Cuisine<\/h2>\r\n\r\n\r\n\r\n<figure class=\"wp-block-gallery has-nested-images columns-default is-cropped wp-block-gallery-1 is-layout-flex wp-block-gallery-is-layout-flex\">\r\n<figure class=\"wp-block-image size-large\"><img decoding=\"async\" data-id=\"443\" src=\"http:\/\/location-maison-emporda.com\/wp-content\/uploads\/2024\/06\/VOUTE3-1024x768.jpeg\" alt=\"\" \/><\/figure>\r\n\r\n\r\n\r\n<figure class=\"wp-block-image size-large\"><img decoding=\"async\" data-id=\"442\" src=\"http:\/\/location-maison-emporda.com\/wp-content\/uploads\/2024\/06\/VOUTE2-1024x768.jpeg\" alt=\"\" \/><\/figure>\r\n\r\n\r\n\r\n<figure class=\"wp-block-image size-large\"><img decoding=\"async\" data-id=\"441\" src=\"http:\/\/location-maison-emporda.com\/wp-content\/uploads\/2024\/06\/VOUTE-1024x768.jpeg\" alt=\"\" \/><\/figure>\r\n\r\n\r\n\r\n<figure class=\"wp-block-image size-large\"><img decoding=\"async\" data-id=\"425\" src=\"http:\/\/location-maison-emporda.com\/wp-content\/uploads\/2024\/06\/FRIGO-768x1024.jpeg\" alt=\"\" \/><\/figure>\r\n\r\n\r\n\r\n<figure class=\"wp-block-image size-large\"><img decoding=\"async\" data-id=\"415\" src=\"http:\/\/location-maison-emporda.com\/wp-content\/uploads\/2024\/06\/CUISINE2-1024x768.jpeg\" alt=\"\" \/><\/figure>\r\n\r\n\r\n\r\n<figure class=\"wp-block-image size-large\"><img decoding=\"async\" data-id=\"414\" src=\"http:\/\/location-maison-emporda.com\/wp-content\/uploads\/2024\/06\/CUISINE-1024x768.jpeg\" alt=\"\" \/><\/figure>\r\n\r\n\r\n\r\n<figure class=\"wp-block-image size-large\"><img decoding=\"async\" data-id=\"412\" src=\"http:\/\/location-maison-emporda.com\/wp-content\/uploads\/2024\/06\/CLUBGOLF-768x1024.jpeg\" alt=\"\" \/><\/figure>\r\n\r\n\r\n\r\n<figure class=\"wp-block-image size-large\"><img decoding=\"async\" data-id=\"374\" src=\"http:\/\/location-maison-emporda.com\/wp-content\/uploads\/2024\/04\/Unknown-4-768x1024.jpg\" alt=\"\" \/>\r\n<figcaption class=\"wp-element-caption\">Salon avec babyfoot<\/figcaption>\r\n<\/figure>\r\n\r\n\r\n\r\n<figure class=\"wp-block-image size-large\"><img decoding=\"async\" data-id=\"372\" src=\"http:\/\/location-maison-emporda.com\/wp-content\/uploads\/2024\/04\/Unknown-2-768x1024.jpg\" alt=\"\" \/>\r\n<figcaption class=\"wp-element-caption\">Salon voutes catalanes<\/figcaption>\r\n<\/figure>\r\n\r\n\r\n\r\n<figure class=\"wp-block-image size-large\"><img decoding=\"async\" data-id=\"373\" src=\"http:\/\/location-maison-emporda.com\/wp-content\/uploads\/2024\/04\/Unknown-3-768x1024.jpg\" alt=\"\" \/><\/figure>\r\n\r\n\r\n\r\n<figure class=\"wp-block-image size-large\"><img decoding=\"async\" data-id=\"371\" src=\"http:\/\/location-maison-emporda.com\/wp-content\/uploads\/2024\/04\/Unknown-768x1024.jpg\" alt=\"\" \/><\/figure>\r\n\r\n\r\n\r\n<figure class=\"wp-block-image size-large\"><img decoding=\"async\" data-id=\"416\" src=\"http:\/\/location-maison-emporda.com\/wp-content\/uploads\/2024\/06\/CUISINE3-1024x768.jpeg\" alt=\"\" \/><\/figure>\r\n\r\n\r\n\r\n<figure class=\"wp-block-image size-large\"><img decoding=\"async\" data-id=\"29\" src=\"http:\/\/location-maison-emporda.com\/wp-content\/uploads\/2024\/03\/WhatsApp-Image-2024-03-08-at-09.58.37-2-768x1024.jpeg\" alt=\"\" \/><\/figure>\r\n\r\n\r\n\r\n<figure class=\"wp-block-image size-large\"><img decoding=\"async\" data-id=\"30\" src=\"http:\/\/location-maison-emporda.com\/wp-content\/uploads\/2024\/03\/WhatsApp-Image-2024-03-08-at-09.58.37-768x1024.jpeg\" alt=\"\" \/><\/figure>\r\n<figure id=\"attachment_514\" aria-describedby=\"caption-attachment-514\" style=\"width: 225px\" class=\"wp-caption alignnone\"><img loading=\"lazy\" decoding=\"async\" class=\"size-medium wp-image-514\" src=\"http:\/\/location-maison-emporda.com\/wp-content\/uploads\/2025\/02\/WhatsApp-Image-2025-02-25-at-11.39.45-225x300.jpeg\" alt=\"Cong\u00e9lateur bar\" width=\"225\" height=\"300\" srcset=\"http:\/\/location-maison-emporda.com\/wp-content\/uploads\/2025\/02\/WhatsApp-Image-2025-02-25-at-11.39.45-225x300.jpeg 225w, http:\/\/location-maison-emporda.com\/wp-content\/uploads\/2025\/02\/WhatsApp-Image-2025-02-25-at-11.39.45-768x1024.jpeg 768w, http:\/\/location-maison-emporda.com\/wp-content\/uploads\/2025\/02\/WhatsApp-Image-2025-02-25-at-11.39.45-1152x1536.jpeg 1152w, http:\/\/location-maison-emporda.com\/wp-content\/uploads\/2025\/02\/WhatsApp-Image-2025-02-25-at-11.39.45-1200x1600.jpeg 1200w, http:\/\/location-maison-emporda.com\/wp-content\/uploads\/2025\/02\/WhatsApp-Image-2025-02-25-at-11.39.45.jpeg 1536w\" sizes=\"auto, (max-width: 225px) 100vw, 225px\" \/><figcaption id=\"caption-attachment-514\" class=\"wp-caption-text\">cong\u00e9lateur<\/figcaption><\/figure>\r\n<\/figure>\r\n\r\n\r\n\r\n<h2 class=\"wp-block-heading\">Entr\u00e9e<\/h2>\r\n\r\n\r\n\r\n<figure class=\"wp-block-gallery has-nested-images columns-default is-cropped wp-block-gallery-2 is-layout-flex wp-block-gallery-is-layout-flex\">\r\n<figure class=\"wp-block-image size-large\"><img decoding=\"async\" data-id=\"440\" src=\"http:\/\/location-maison-emporda.com\/wp-content\/uploads\/2024\/06\/VELO2-768x1024.jpeg\" alt=\"\" \/><\/figure>\r\n\r\n\r\n\r\n<figure class=\"wp-block-image size-large\"><img decoding=\"async\" data-id=\"439\" src=\"http:\/\/location-maison-emporda.com\/wp-content\/uploads\/2024\/06\/VELO-768x1024.jpeg\" alt=\"\" \/><\/figure>\r\n\r\n\r\n\r\n<figure class=\"wp-block-image size-large\"><img decoding=\"async\" data-id=\"421\" src=\"http:\/\/location-maison-emporda.com\/wp-content\/uploads\/2024\/06\/entree2-1-768x1024.jpeg\" alt=\"\" \/><\/figure>\r\n\r\n\r\n\r\n<figure class=\"wp-block-image size-large\"><img decoding=\"async\" data-id=\"422\" src=\"http:\/\/location-maison-emporda.com\/wp-content\/uploads\/2024\/06\/entree3-768x1024.jpeg\" alt=\"\" \/><\/figure>\r\n\r\n\r\n\r\n<figure class=\"wp-block-image size-large\"><img decoding=\"async\" data-id=\"420\" src=\"http:\/\/location-maison-emporda.com\/wp-content\/uploads\/2024\/06\/entree1-1-1024x768.jpeg\" alt=\"\" \/><\/figure>\r\n\r\n\r\n\r\n<figure class=\"wp-block-image size-large\"><img decoding=\"async\" data-id=\"423\" src=\"http:\/\/location-maison-emporda.com\/wp-content\/uploads\/2024\/06\/entree4-1024x768.jpeg\" alt=\"\" \/><\/figure>\r\n\r\n\r\n\r\n<figure class=\"wp-block-image size-large\"><img decoding=\"async\" data-id=\"424\" src=\"http:\/\/location-maison-emporda.com\/wp-content\/uploads\/2024\/06\/entree5-1024x768.jpeg\" alt=\"\" \/><\/figure>\r\n<\/figure>\r\n\r\n\r\n\r\n<h2 class=\"wp-block-heading\">Chambres simples<\/h2>\r\n\r\n\r\n\r\n<figure class=\"wp-block-gallery has-nested-images columns-default is-cropped wp-block-gallery-3 is-layout-flex wp-block-gallery-is-layout-flex\">\r\n<figure class=\"wp-block-image size-large\"><img decoding=\"async\" data-id=\"403\" src=\"http:\/\/location-maison-emporda.com\/wp-content\/uploads\/2024\/06\/chambre-escalier-2-1-1024x768.jpeg\" alt=\"\" \/><\/figure>\r\n\r\n\r\n\r\n<figure class=\"wp-block-image size-large\"><img decoding=\"async\" data-id=\"402\" src=\"http:\/\/location-maison-emporda.com\/wp-content\/uploads\/2024\/06\/chambre-escalier-2-2-768x1024.jpeg\" alt=\"\" \/><\/figure>\r\n\r\n\r\n\r\n<figure class=\"wp-block-image size-large\"><img decoding=\"async\" data-id=\"404\" src=\"http:\/\/location-maison-emporda.com\/wp-content\/uploads\/2024\/06\/chambre-escalier-1-768x1024.jpeg\" alt=\"\" \/><\/figure>\r\n\r\n\r\n\r\n<figure class=\"wp-block-image size-large\"><img decoding=\"async\" data-id=\"405\" src=\"http:\/\/location-maison-emporda.com\/wp-content\/uploads\/2024\/06\/chambre-escalier-1024x768.jpeg\" alt=\"\" \/><\/figure>\r\n\r\n\r\n\r\n<figure class=\"wp-block-image size-large\"><img decoding=\"async\" data-id=\"394\" src=\"http:\/\/location-maison-emporda.com\/wp-content\/uploads\/2024\/06\/chambre-escalier-2-1024x768.jpeg\" alt=\"\" \/><\/figure>\r\n\r\n\r\n\r\n<figure class=\"wp-block-image size-large\"><img decoding=\"async\" data-id=\"43\" src=\"http:\/\/location-maison-emporda.com\/wp-content\/uploads\/2024\/03\/WhatsApp-Image-2024-03-08-at-09.58.47-2-768x1024.jpeg\" alt=\"\" \/><\/figure>\r\n\r\n\r\n\r\n<figure class=\"wp-block-image size-large\"><img decoding=\"async\" data-id=\"37\" src=\"http:\/\/location-maison-emporda.com\/wp-content\/uploads\/2024\/03\/WhatsApp-Image-2024-03-08-at-09.58.43-768x1024.jpeg\" alt=\"\" \/><\/figure>\r\n\r\n\r\n\r\n<figure class=\"wp-block-image size-large\"><img decoding=\"async\" data-id=\"382\" src=\"http:\/\/location-maison-emporda.com\/wp-content\/uploads\/2024\/05\/WhatsApp-Image-2024-05-03-at-11.56.53-2-768x1024.jpeg\" alt=\"\" \/><\/figure>\r\n\r\n\r\n\r\n<figure class=\"wp-block-image size-large\"><img decoding=\"async\" data-id=\"381\" src=\"http:\/\/location-maison-emporda.com\/wp-content\/uploads\/2024\/05\/WhatsApp-Image-2024-05-03-at-11.56.53-3-768x1024.jpeg\" alt=\"\" \/><\/figure>\r\n\r\n\r\n\r\n<figure class=\"wp-block-image size-large\"><img decoding=\"async\" data-id=\"380\" src=\"http:\/\/location-maison-emporda.com\/wp-content\/uploads\/2024\/05\/WhatsApp-Image-2024-05-03-at-11.56.53-768x1024.jpeg\" alt=\"\" \/><\/figure>\r\n<\/figure>\r\n\r\n\r\n\r\n<h2 class=\"wp-block-heading\">1er \u00e9tage<\/h2>\r\n\r\n\r\n\r\n<figure class=\"wp-block-gallery has-nested-images columns-default is-cropped wp-block-gallery-4 is-layout-flex wp-block-gallery-is-layout-flex\">\r\n<figure class=\"wp-block-image size-large\"><img decoding=\"async\" data-id=\"407\" src=\"http:\/\/location-maison-emporda.com\/wp-content\/uploads\/2024\/06\/chambre-futon-1024x768.jpeg\" alt=\"\" \/><\/figure>\r\n\r\n\r\n\r\n<figure class=\"wp-block-image size-large\"><img decoding=\"async\" data-id=\"406\" src=\"http:\/\/location-maison-emporda.com\/wp-content\/uploads\/2024\/06\/chambre-futon-2-768x1024.jpeg\" alt=\"\" \/><\/figure>\r\n\r\n\r\n\r\n<figure class=\"wp-block-image size-large\"><img decoding=\"async\" data-id=\"35\" src=\"http:\/\/location-maison-emporda.com\/wp-content\/uploads\/2024\/03\/WhatsApp-Image-2024-03-08-at-09.58.43-4-768x1024.jpeg\" alt=\"\" \/><\/figure>\r\n\r\n\r\n\r\n<figure class=\"wp-block-image size-large\"><img decoding=\"async\" data-id=\"34\" src=\"http:\/\/location-maison-emporda.com\/wp-content\/uploads\/2024\/03\/WhatsApp-Image-2024-03-08-at-09.58.43-3-768x1024.jpeg\" alt=\"\" \/>\r\n<figcaption class=\"wp-element-caption\">Chambre San Perre de Rhodes<\/figcaption>\r\n<\/figure>\r\n\r\n\r\n\r\n<figure class=\"wp-block-image size-large\"><img decoding=\"async\" data-id=\"36\" src=\"http:\/\/location-maison-emporda.com\/wp-content\/uploads\/2024\/03\/WhatsApp-Image-2024-03-08-at-09.58.43-5-768x1024.jpeg\" alt=\"\" \/><\/figure>\r\n\r\n\r\n\r\n<figure class=\"wp-block-image size-large\"><img decoding=\"async\" data-id=\"38\" src=\"http:\/\/location-maison-emporda.com\/wp-content\/uploads\/2024\/03\/WhatsApp-Image-2024-03-08-at-09.58.44-2-768x1024.jpeg\" alt=\"\" \/>\r\n<figcaption class=\"wp-element-caption\">Chambre parentale Roses<\/figcaption>\r\n<\/figure>\r\n\r\n\r\n\r\n<figure class=\"wp-block-image size-large\"><img decoding=\"async\" data-id=\"39\" src=\"http:\/\/location-maison-emporda.com\/wp-content\/uploads\/2024\/03\/WhatsApp-Image-2024-03-08-at-09.58.44-3-768x1024.jpeg\" alt=\"\" \/><\/figure>\r\n\r\n\r\n\r\n<figure class=\"wp-block-image size-large\"><img decoding=\"async\" data-id=\"40\" src=\"http:\/\/location-maison-emporda.com\/wp-content\/uploads\/2024\/03\/WhatsApp-Image-2024-03-08-at-09.58.44-768x1024.jpeg\" alt=\"\" \/>\r\n<figcaption class=\"wp-element-caption\">Chambre Peralada<\/figcaption>\r\n<\/figure>\r\n\r\n\r\n\r\n<figure class=\"wp-block-image size-large\"><img decoding=\"async\" data-id=\"438\" src=\"http:\/\/location-maison-emporda.com\/wp-content\/uploads\/2024\/06\/Unknown-1024x768.jpeg\" alt=\"\" \/><\/figure>\r\n\r\n\r\n\r\n<figure class=\"wp-block-image size-large\"><img decoding=\"async\" data-id=\"41\" src=\"http:\/\/location-maison-emporda.com\/wp-content\/uploads\/2024\/03\/WhatsApp-Image-2024-03-08-at-09.58.45-2-768x1024.jpeg\" alt=\"\" \/>\r\n<figcaption class=\"wp-element-caption\">Salle de bain<\/figcaption>\r\n<\/figure>\r\n\r\n\r\n\r\n<figure class=\"wp-block-image size-large\"><img decoding=\"async\" data-id=\"42\" src=\"http:\/\/location-maison-emporda.com\/wp-content\/uploads\/2024\/03\/WhatsApp-Image-2024-03-08-at-09.58.45-768x1024.jpeg\" alt=\"\" \/>\r\n<figcaption class=\"wp-element-caption\">Salon &#8211; 1er \u00e9tage<\/figcaption>\r\n<\/figure>\r\n<\/figure>\r\n\r\n\r\n\r\n<h2 class=\"wp-block-heading\">2e \u00e9tage<\/h2>\r\n\r\n\r\n\r\n<figure class=\"wp-block-gallery has-nested-images columns-default is-cropped wp-block-gallery-5 is-layout-flex wp-block-gallery-is-layout-flex\">\r\n<figure class=\"wp-block-image size-large\"><img decoding=\"async\" data-id=\"436\" src=\"http:\/\/location-maison-emporda.com\/wp-content\/uploads\/2024\/06\/salon6-1024x768.jpeg\" alt=\"\" \/><\/figure>\r\n\r\n\r\n\r\n<figure class=\"wp-block-image size-large\"><img decoding=\"async\" data-id=\"435\" src=\"http:\/\/location-maison-emporda.com\/wp-content\/uploads\/2024\/06\/salon5-768x1024.jpeg\" alt=\"\" \/><\/figure>\r\n\r\n\r\n\r\n<figure class=\"wp-block-image size-large\"><img decoding=\"async\" data-id=\"434\" src=\"http:\/\/location-maison-emporda.com\/wp-content\/uploads\/2024\/06\/salon4-1024x768.jpeg\" alt=\"\" \/><\/figure>\r\n\r\n\r\n\r\n<figure class=\"wp-block-image size-large\"><img decoding=\"async\" data-id=\"433\" src=\"http:\/\/location-maison-emporda.com\/wp-content\/uploads\/2024\/06\/salon3-768x1024.jpeg\" alt=\"\" \/><\/figure>\r\n\r\n\r\n\r\n<figure class=\"wp-block-image size-large\"><img decoding=\"async\" data-id=\"432\" src=\"http:\/\/location-maison-emporda.com\/wp-content\/uploads\/2024\/06\/salon2-1024x768.jpeg\" alt=\"\" \/><\/figure>\r\n\r\n\r\n\r\n<figure class=\"wp-block-image size-large\"><img decoding=\"async\" data-id=\"431\" src=\"http:\/\/location-maison-emporda.com\/wp-content\/uploads\/2024\/06\/salon-1024x768.jpeg\" alt=\"\" \/><\/figure>\r\n\r\n\r\n\r\n<figure class=\"wp-block-image size-large\"><img decoding=\"async\" data-id=\"430\" src=\"http:\/\/location-maison-emporda.com\/wp-content\/uploads\/2024\/06\/salon-haut-768x1024.jpeg\" alt=\"\" \/><\/figure>\r\n\r\n\r\n\r\n<figure class=\"wp-block-image size-large\"><img decoding=\"async\" data-id=\"429\" src=\"http:\/\/location-maison-emporda.com\/wp-content\/uploads\/2024\/06\/SALLE_DOUCHE2-1-768x1024.jpeg\" alt=\"\" \/><\/figure>\r\n\r\n\r\n\r\n<figure class=\"wp-block-image size-large\"><img decoding=\"async\" data-id=\"428\" src=\"http:\/\/location-maison-emporda.com\/wp-content\/uploads\/2024\/06\/SALLE_DOUCHE-768x1024.jpeg\" alt=\"\" \/><\/figure>\r\n\r\n\r\n\r\n<figure class=\"wp-block-image size-large\"><img decoding=\"async\" data-id=\"426\" src=\"http:\/\/location-maison-emporda.com\/wp-content\/uploads\/2024\/06\/livres-768x1024.jpeg\" alt=\"\" \/><\/figure>\r\n\r\n\r\n\r\n<figure class=\"wp-block-image size-large\"><img decoding=\"async\" data-id=\"419\" src=\"http:\/\/location-maison-emporda.com\/wp-content\/uploads\/2024\/06\/dvd2-768x1024.jpeg\" alt=\"\" \/><\/figure>\r\n\r\n\r\n\r\n<figure class=\"wp-block-image size-large\"><img decoding=\"async\" data-id=\"418\" src=\"http:\/\/location-maison-emporda.com\/wp-content\/uploads\/2024\/06\/dvd-1-768x1024.jpeg\" alt=\"\" \/><\/figure>\r\n\r\n\r\n\r\n<figure class=\"wp-block-image size-large\"><img decoding=\"async\" data-id=\"411\" src=\"http:\/\/location-maison-emporda.com\/wp-content\/uploads\/2024\/06\/chambre-parentale4-1024x768.jpeg\" alt=\"\" \/><\/figure>\r\n\r\n\r\n\r\n<figure class=\"wp-block-image size-large\"><img decoding=\"async\" data-id=\"410\" src=\"http:\/\/location-maison-emporda.com\/wp-content\/uploads\/2024\/06\/chambre-parentale3-1024x768.jpeg\" alt=\"\" \/><\/figure>\r\n\r\n\r\n\r\n<figure class=\"wp-block-image size-large\"><img decoding=\"async\" data-id=\"409\" src=\"http:\/\/location-maison-emporda.com\/wp-content\/uploads\/2024\/06\/chambre-parentale2-768x1024.jpeg\" alt=\"\" \/><\/figure>\r\n\r\n\r\n\r\n<figure class=\"wp-block-image size-large\"><img decoding=\"async\" data-id=\"408\" src=\"http:\/\/location-maison-emporda.com\/wp-content\/uploads\/2024\/06\/chambre-parentale-768x1024.jpeg\" alt=\"\" \/><\/figure>\r\n\r\n\r\n\r\n<figure class=\"wp-block-image size-large\"><img decoding=\"async\" data-id=\"51\" src=\"http:\/\/location-maison-emporda.com\/wp-content\/uploads\/2024\/03\/WhatsApp-Image-2024-03-08-at-09.58.51-5-768x1024.jpeg\" alt=\"\" \/><\/figure>\r\n\r\n\r\n\r\n<figure class=\"wp-block-image size-large\"><img decoding=\"async\" data-id=\"52\" src=\"http:\/\/location-maison-emporda.com\/wp-content\/uploads\/2024\/03\/WhatsApp-Image-2024-03-08-at-09.58.51-6-768x1024.jpeg\" alt=\"\" \/><\/figure>\r\n\r\n\r\n\r\n<figure class=\"wp-block-image size-large\"><img decoding=\"async\" data-id=\"53\" src=\"http:\/\/location-maison-emporda.com\/wp-content\/uploads\/2024\/03\/WhatsApp-Image-2024-03-08-at-09.58.51-768x1024.jpeg\" alt=\"\" \/><\/figure>\r\n<\/figure>\r\n\r\n\r\n\r\n<h2 class=\"wp-block-heading\">Toit<\/h2>\r\n\r\n\r\n\r\n<figure class=\"wp-block-gallery has-nested-images columns-default is-cropped wp-block-gallery-6 is-layout-flex wp-block-gallery-is-layout-flex\">\r\n<figure class=\"wp-block-image size-large\"><img decoding=\"async\" data-id=\"437\" src=\"http:\/\/location-maison-emporda.com\/wp-content\/uploads\/2024\/06\/terrasse1-1024x768.jpeg\" alt=\"\" \/><\/figure>\r\n\r\n\r\n\r\n<figure class=\"wp-block-image size-large\"><img decoding=\"async\" data-id=\"378\" src=\"http:\/\/location-maison-emporda.com\/wp-content\/uploads\/2024\/05\/WhatsApp-Image-2024-05-05-at-11.06.20-768x1024.jpeg\" alt=\"\" \/><\/figure>\r\n\r\n\r\n\r\n<figure class=\"wp-block-image size-large\"><img decoding=\"async\" data-id=\"19\" src=\"http:\/\/location-maison-emporda.com\/wp-content\/uploads\/2024\/03\/WhatsApp-Image-2024-03-07-at-10.33.28-2-768x1024.jpeg\" alt=\"\" \/><\/figure>\r\n\r\n\r\n\r\n<figure class=\"wp-block-image size-large\"><img decoding=\"async\" data-id=\"20\" src=\"http:\/\/location-maison-emporda.com\/wp-content\/uploads\/2024\/03\/WhatsApp-Image-2024-03-07-at-10.33.28-3-768x1024.jpeg\" alt=\"\" \/><\/figure>\r\n\r\n\r\n\r\n<figure class=\"wp-block-image size-large\"><img decoding=\"async\" data-id=\"21\" src=\"http:\/\/location-maison-emporda.com\/wp-content\/uploads\/2024\/03\/WhatsApp-Image-2024-03-07-at-10.33.28-4-768x1024.jpeg\" alt=\"\" \/>\r\n<figcaption class=\"wp-element-caption\">Toit Terrasse<\/figcaption>\r\n<\/figure>\r\n\r\n\r\n\r\n<figure class=\"wp-block-image size-large\"><img decoding=\"async\" data-id=\"22\" src=\"http:\/\/location-maison-emporda.com\/wp-content\/uploads\/2024\/03\/WhatsApp-Image-2024-03-07-at-10.33.28-768x1024.jpeg\" alt=\"\" \/><\/figure>\r\n<\/figure>\r\n","protected":false},"excerpt":{"rendered":"<p>Salon \/ Cuisine Entr\u00e9e Chambres simples 1er \u00e9tage 2e \u00e9tage Toit<\/p>\n","protected":false},"author":1,"featured_media":0,"parent":0,"menu_order":0,"comment_status":"closed","ping_status":"closed","template":"","meta":{"_uf_show_specific_survey":0,"_uf_disable_surveys":false,"footnotes":""},"class_list":["post-399","page","type-page","status-publish","hentry"],"yoast_head":"<!-- This site is optimized with the Yoast SEO plugin v25.0 - https:\/\/yoast.com\/wordpress\/plugins\/seo\/ -->\n<title>Photos de la maison - Casa Mirador d&#039;Emporda<\/title>\n<meta name=\"robots\" content=\"index, follow, max-snippet:-1, max-image-preview:large, max-video-preview:-1\" \/>\n<link rel=\"canonical\" href=\"http:\/\/www.location-maison-emporda.com\/index.php\/photos\/\" \/>\n<meta property=\"og:locale\" content=\"fr_FR\" \/>\n<meta property=\"og:type\" content=\"article\" \/>\n<meta property=\"og:title\" content=\"Photos de la maison - Casa Mirador d&#039;Emporda\" \/>\n<meta property=\"og:description\" content=\"Salon \/ Cuisine Entr\u00e9e Chambres simples 1er \u00e9tage 2e \u00e9tage Toit\" \/>\n<meta property=\"og:url\" content=\"http:\/\/www.location-maison-emporda.com\/index.php\/photos\/\" \/>\n<meta property=\"og:site_name\" content=\"Casa Mirador d&#039;Emporda\" \/>\n<meta property=\"article:modified_time\" content=\"2025-02-26T07:12:24+00:00\" \/>\n<meta property=\"og:image\" content=\"http:\/\/location-maison-emporda.com\/wp-content\/uploads\/2024\/06\/VOUTE3-1024x768.jpeg\" \/>\n<meta name=\"twitter:card\" content=\"summary_large_image\" \/>\n<meta name=\"twitter:label1\" content=\"Dur\u00e9e de lecture estim\u00e9e\" \/>\n\t<meta name=\"twitter:data1\" content=\"14 minutes\" \/>\n<script type=\"application\/ld+json\" class=\"yoast-schema-graph\">{\"@context\":\"https:\/\/schema.org\",\"@graph\":[{\"@type\":\"WebPage\",\"@id\":\"http:\/\/www.location-maison-emporda.com\/index.php\/photos\/\",\"url\":\"http:\/\/www.location-maison-emporda.com\/index.php\/photos\/\",\"name\":\"Photos de la maison - Casa Mirador d&#039;Emporda\",\"isPartOf\":{\"@id\":\"https:\/\/www.location-maison-emporda.com\/#website\"},\"primaryImageOfPage\":{\"@id\":\"http:\/\/www.location-maison-emporda.com\/index.php\/photos\/#primaryimage\"},\"image\":{\"@id\":\"http:\/\/www.location-maison-emporda.com\/index.php\/photos\/#primaryimage\"},\"thumbnailUrl\":\"http:\/\/location-maison-emporda.com\/wp-content\/uploads\/2024\/06\/VOUTE3-1024x768.jpeg\",\"datePublished\":\"2024-06-12T07:40:48+00:00\",\"dateModified\":\"2025-02-26T07:12:24+00:00\",\"breadcrumb\":{\"@id\":\"http:\/\/www.location-maison-emporda.com\/index.php\/photos\/#breadcrumb\"},\"inLanguage\":\"fr-FR\",\"potentialAction\":[{\"@type\":\"ReadAction\",\"target\":[\"http:\/\/www.location-maison-emporda.com\/index.php\/photos\/\"]}]},{\"@type\":\"ImageObject\",\"inLanguage\":\"fr-FR\",\"@id\":\"http:\/\/www.location-maison-emporda.com\/index.php\/photos\/#primaryimage\",\"url\":\"http:\/\/location-maison-emporda.com\/wp-content\/uploads\/2024\/06\/VOUTE3-1024x768.jpeg\",\"contentUrl\":\"http:\/\/location-maison-emporda.com\/wp-content\/uploads\/2024\/06\/VOUTE3-1024x768.jpeg\"},{\"@type\":\"BreadcrumbList\",\"@id\":\"http:\/\/www.location-maison-emporda.com\/index.php\/photos\/#breadcrumb\",\"itemListElement\":[{\"@type\":\"ListItem\",\"position\":1,\"name\":\"Accueil\",\"item\":\"https:\/\/www.location-maison-emporda.com\/\"},{\"@type\":\"ListItem\",\"position\":2,\"name\":\"Photos de la maison\"}]},{\"@type\":\"WebSite\",\"@id\":\"https:\/\/www.location-maison-emporda.com\/#website\",\"url\":\"https:\/\/www.location-maison-emporda.com\/\",\"name\":\"Casa Mirador d'Emporda\",\"description\":\"Location maison enti\u00e8re \u00e0 Castello d&#039;Empuries\",\"potentialAction\":[{\"@type\":\"SearchAction\",\"target\":{\"@type\":\"EntryPoint\",\"urlTemplate\":\"https:\/\/www.location-maison-emporda.com\/?s={search_term_string}\"},\"query-input\":{\"@type\":\"PropertyValueSpecification\",\"valueRequired\":true,\"valueName\":\"search_term_string\"}}],\"inLanguage\":\"fr-FR\"}]}<\/script>\n<!-- \/ Yoast SEO plugin. -->","yoast_head_json":{"title":"Photos de la maison - Casa Mirador d&#039;Emporda","robots":{"index":"index","follow":"follow","max-snippet":"max-snippet:-1","max-image-preview":"max-image-preview:large","max-video-preview":"max-video-preview:-1"},"canonical":"http:\/\/www.location-maison-emporda.com\/index.php\/photos\/","og_locale":"fr_FR","og_type":"article","og_title":"Photos de la maison - Casa Mirador d&#039;Emporda","og_description":"Salon \/ Cuisine Entr\u00e9e Chambres simples 1er \u00e9tage 2e \u00e9tage Toit","og_url":"http:\/\/www.location-maison-emporda.com\/index.php\/photos\/","og_site_name":"Casa Mirador d&#039;Emporda","article_modified_time":"2025-02-26T07:12:24+00:00","og_image":[{"url":"http:\/\/location-maison-emporda.com\/wp-content\/uploads\/2024\/06\/VOUTE3-1024x768.jpeg","type":"","width":"","height":""}],"twitter_card":"summary_large_image","twitter_misc":{"Dur\u00e9e de lecture estim\u00e9e":"14 minutes"},"schema":{"@context":"https:\/\/schema.org","@graph":[{"@type":"WebPage","@id":"http:\/\/www.location-maison-emporda.com\/index.php\/photos\/","url":"http:\/\/www.location-maison-emporda.com\/index.php\/photos\/","name":"Photos de la maison - Casa Mirador d&#039;Emporda","isPartOf":{"@id":"https:\/\/www.location-maison-emporda.com\/#website"},"primaryImageOfPage":{"@id":"http:\/\/www.location-maison-emporda.com\/index.php\/photos\/#primaryimage"},"image":{"@id":"http:\/\/www.location-maison-emporda.com\/index.php\/photos\/#primaryimage"},"thumbnailUrl":"http:\/\/location-maison-emporda.com\/wp-content\/uploads\/2024\/06\/VOUTE3-1024x768.jpeg","datePublished":"2024-06-12T07:40:48+00:00","dateModified":"2025-02-26T07:12:24+00:00","breadcrumb":{"@id":"http:\/\/www.location-maison-emporda.com\/index.php\/photos\/#breadcrumb"},"inLanguage":"fr-FR","potentialAction":[{"@type":"ReadAction","target":["http:\/\/www.location-maison-emporda.com\/index.php\/photos\/"]}]},{"@type":"ImageObject","inLanguage":"fr-FR","@id":"http:\/\/www.location-maison-emporda.com\/index.php\/photos\/#primaryimage","url":"http:\/\/location-maison-emporda.com\/wp-content\/uploads\/2024\/06\/VOUTE3-1024x768.jpeg","contentUrl":"http:\/\/location-maison-emporda.com\/wp-content\/uploads\/2024\/06\/VOUTE3-1024x768.jpeg"},{"@type":"BreadcrumbList","@id":"http:\/\/www.location-maison-emporda.com\/index.php\/photos\/#breadcrumb","itemListElement":[{"@type":"ListItem","position":1,"name":"Accueil","item":"https:\/\/www.location-maison-emporda.com\/"},{"@type":"ListItem","position":2,"name":"Photos de la maison"}]},{"@type":"WebSite","@id":"https:\/\/www.location-maison-emporda.com\/#website","url":"https:\/\/www.location-maison-emporda.com\/","name":"Casa Mirador d'Emporda","description":"Location maison enti\u00e8re \u00e0 Castello d&#039;Empuries","potentialAction":[{"@type":"SearchAction","target":{"@type":"EntryPoint","urlTemplate":"https:\/\/www.location-maison-emporda.com\/?s={search_term_string}"},"query-input":{"@type":"PropertyValueSpecification","valueRequired":true,"valueName":"search_term_string"}}],"inLanguage":"fr-FR"}]}},"_links":{"self":[{"href":"http:\/\/www.location-maison-emporda.com\/index.php\/wp-json\/wp\/v2\/pages\/399","targetHints":{"allow":["GET"]}}],"collection":[{"href":"http:\/\/www.location-maison-emporda.com\/index.php\/wp-json\/wp\/v2\/pages"}],"about":[{"href":"http:\/\/www.location-maison-emporda.com\/index.php\/wp-json\/wp\/v2\/types\/page"}],"author":[{"embeddable":true,"href":"http:\/\/www.location-maison-emporda.com\/index.php\/wp-json\/wp\/v2\/users\/1"}],"replies":[{"embeddable":true,"href":"http:\/\/www.location-maison-emporda.com\/index.php\/wp-json\/wp\/v2\/comments?post=399"}],"version-history":[{"count":15,"href":"http:\/\/www.location-maison-emporda.com\/index.php\/wp-json\/wp\/v2\/pages\/399\/revisions"}],"predecessor-version":[{"id":515,"href":"http:\/\/www.location-maison-emporda.com\/index.php\/wp-json\/wp\/v2\/pages\/399\/revisions\/515"}],"wp:attachment":[{"href":"http:\/\/www.location-maison-emporda.com\/index.php\/wp-json\/wp\/v2\/media?parent=399"}],"curies":[{"name":"wp","href":"https:\/\/api.w.org\/{rel}","templated":true}]}}