	{"id":10,"date":"2024-03-17T10:02:43","date_gmt":"2024-03-17T09:02:43","guid":{"rendered":"http:\/\/location-maison-emporda.com\/mirador-castello-empuries\/?page_id=10"},"modified":"2025-03-25T11:45:34","modified_gmt":"2025-03-25T10:45:34","slug":"quelles-activites","status":"publish","type":"page","link":"https:\/\/www.location-maison-emporda.com\/index.php\/quelles-activites\/","title":{"rendered":"Que faire ?"},"content":{"rendered":"\r\n<p>Le village de Castello d&rsquo;Emp\u00faries est id\u00e9alement situ\u00e9 pour faire une multitude d&rsquo;activit\u00e9s \u00e0 moins d&rsquo;une heure : la plage \u00e0 5 minutes, Barcelone \u00e0 1 heure 30, Figu\u00e8res \u00e0 15 minutes, G\u00e9rone \u00e0 45 minutes, La Garrotxa \u00e0 45 minutes, Cadaqu\u00e8s \u00e0 25 minutes&#8230;.<\/p>\r\n\r\n\r\n\r\n<figure class=\"wp-block-image size-full\"><img decoding=\"async\" src=\"http:\/\/location-maison-emporda.com\/wp-content\/uploads\/2024\/04\/castello-distance.jpg\" alt=\"Distance \u00e0 partir de Castello d'Empuries\" \/>\r\n<figcaption class=\"wp-element-caption\">Distance \u00e0 partir de Castello d&rsquo;Empuries<\/figcaption>\r\n<\/figure>\r\n\r\n\r\n\r\n<h2 class=\"wp-block-heading\">Que visiter ?<\/h2>\r\n\r\n\r\n\r\n<h5 class=\"wp-block-heading\">Le mus\u00e9e Dali<\/h5>\r\n\r\n\r\n\r\n<p>Le mus\u00e9e Dali se trouve \u00e0 Figueres, \u00e0 17 minutes de Castello d&rsquo;Emp\u00faries. Qu&rsquo;on soit sensible ou non \u00e0 son art, la vie et l&rsquo;oeuvre de ce touche \u00e0 tout g\u00e9nial m\u00e9rite incontestablement le d\u00e9tour !<\/p>\r\n\r\n\r\n\r\n<p>Si vous n&rsquo;\u00eates pas familier de Dali, nous vous conseillons de commencer par la visite de la maison natale de Salvador Dali, qui propose sur une heure une immersion visuelle tr\u00e8s bien faite. Le prix varie de 9\u20ac \u00e0 15\u20ac&#8230;. mais \u00e7a les vaut! R\u00e9servez votre cr\u00e9neau en ligne: <a href=\"https:\/\/www.casanataldali.cat\/fr\/\" target=\"_blank\" rel=\"noopener\">https:\/\/www.casanataldali.cat\/fr\/<\/a><\/p>\r\n\r\n\r\n\r\n<p>Ensuite filez au <a href=\"https:\/\/www.salvador-dali.org\/fr\/musees\/theatre-musee-dali-a-figueres\/info-practica\/horaris-i-preus\/\" target=\"_blank\" rel=\"noopener\">mus\u00e9e Dal<\/a><a href=\"https:\/\/www.salvador-dali.org\/fr\/musees\/theatre-musee-dali-a-figueres\/info-practica\/horaris-i-preus\/\" target=\"_blank\" rel=\"noreferrer noopener\">i<\/a> \u00e0 5 minutes \u00e0 pied.<\/p>\r\n\r\n\r\n\r\n<figure class=\"wp-block-image size-full\"><img decoding=\"async\" src=\"http:\/\/location-maison-emporda.com\/wp-content\/uploads\/2024\/04\/Teatro-Museo_Dali.jpg\" alt=\"\" \/>\r\n<figcaption class=\"wp-element-caption\">Mus\u00e9e Dali &#8211; Figueres<\/figcaption>\r\n<\/figure>\r\n\r\n\r\n\r\n<p><em><strong><span style=\"text-decoration: underline;\">Conseil<\/span><\/strong><\/em> : Pour vous garer gratuitement \u00e0 Figueres, utilisez le <a href=\"https:\/\/maps.app.goo.gl\/Jgs9dzSUeGypmx7w5\" target=\"_blank\" rel=\"noopener\">grand parking \u00e0 l&rsquo;entr\u00e9e de la ville.<\/a> Vous n&rsquo;\u00eates qu&rsquo;\u00e0 5 minutes \u00e0 pied du centre-ville et des rues pi\u00e9tonnes.<\/p>\r\n\r\n\r\n\r\n<p><strong>Un petit creux<\/strong> ? Figueres compte de nombreux restaurants. Pour ceux qui veulent une belle c\u00f4te de boeuf ou un poulpe brais\u00e9, nous recommandons chez <a href=\"https:\/\/sidreriatxots.com\" target=\"_blank\" rel=\"noopener\">Txots<\/a><\/p>\r\n\r\n\r\n\r\n<h5 class=\"wp-block-heading\">Les villages m\u00e9di\u00e9vaux: Besal\u00fa, G\u00e9rone&#8230;<\/h5>\r\n\r\n\r\n\r\n<p>L&rsquo;Emporda regorge de petits villages m\u00e9di\u00e9vaux Nous en avons s\u00e9lectionn\u00e9 deux :<\/p>\r\n\r\n\r\n\r\n<p><strong><span style=\"text-decoration: underline;\">Besal\u00fa<\/span><\/strong>, \u00e0 vingt minutes \u00e0 l&rsquo;ouest de Figueras se caract\u00e9rise par un riche patrimoine m\u00e9di\u00e9val avec de nombreuses constructions aussi civiles et religieuses.\u00a0<\/p>\r\n\r\n\r\n\r\n<p>Pour d\u00e9jeuner ou d\u00eener, le pittoresque restaurant &lsquo;<a href=\"https:\/\/maps.app.goo.gl\/ZqtGKno8M2uzoHh29\" target=\"_blank\" rel=\"noopener\">Pont Vell<\/a>, avec une vue imprenable sur le pont roman du XII<sup>e<\/sup>\u00a0si\u00e8cle qui traverse le fleuve Fluvi\u00e0.<\/p>\r\n\r\n\r\n\r\n<figure class=\"wp-block-image size-large\"><img decoding=\"async\" src=\"https:\/\/catalunyaturisme.cat\/wp-content\/uploads\/besalu-1.jpg\" alt=\"\" \/>\r\n<figcaption class=\"wp-element-caption\">Besal\u00fa<\/figcaption>\r\n<\/figure>\r\n\r\n\r\n\r\n<p><strong>G\u00e9rone<\/strong> : Capitale de l&rsquo;Emporda, c&rsquo;est une grande ville ayant su garder son authenticit\u00e9. La partie m\u00e9di\u00e9vale de la ville a servi de d\u00e9cor \u00e0 la s\u00e9rie de Game of Thrones. <a href=\"https:\/\/www.spain.info\/fr\/destination\/gerone\/\" target=\"blank\" rel=\"noopener\">La ville m\u00e9rite incontestablement le d\u00e9tour<\/a>&#8230; attention, les restaurants du centre ville sont assez chers.<\/p>\r\n\r\n\r\n\r\n<h5 class=\"wp-block-heading\">La c\u00f4te<\/h5>\r\n\r\n\r\n\r\n<p>Cette partie de la Costa Brava est \u00e9tonnante et loin des clich\u00e9s d&rsquo;une c\u00f4te ultra b\u00e9tonn\u00e9e. Elle commence tout au nord \u00e0 PortBou (Faites une halte au petit <a href=\"https:\/\/maps.app.goo.gl\/J9WfCa7FgPt4yuBs9\" target=\"_blank\" rel=\"noopener\"><em>Chiringuito<\/em> <em>Guingueta<\/em><\/a> pour d\u00e9guster quelques tapas face \u00e0 la mer) et est tr\u00e8s d\u00e9coup\u00e9e jusqu&rsquo;\u00e0 Roses avec une multitude de petites criques et villages pittoresques, dont le plus c\u00e9l\u00e8bre reste <a href=\"http:\/\/www.visitcadaques.org\/?lang=fr&amp;sec=poble&amp;sub=historia\" target=\"_blank\" rel=\"noopener\">Cadaqu\u00e8s<\/a>.<\/p>\r\n\r\n\r\n\r\n<figure class=\"wp-block-image size-large\"><img decoding=\"async\" src=\"http:\/\/location-maison-emporda.com\/wp-content\/uploads\/2024\/04\/cadaques-838724_1280-1024x682.jpg\" alt=\"\" \/>\r\n<figcaption class=\"wp-element-caption\">Cadaqu\u00e8s &#8211; Costa Brava<\/figcaption>\r\n<\/figure>\r\n\r\n\r\n\r\n<p>Les deux grandes stations baln\u00e9aires restent Roses et Empuriabrava. Mais pour le reste, tout le golfe de Roses demeure une grande baie de sable pr\u00e9serv\u00e9e de la surench\u00e8re immobili\u00e8re.<\/p>\r\n\r\n\r\n\r\n<p>Vous n&rsquo;avez que l&#8217;embarras du choix: plages sauvages, criques, stations baln\u00e9aires et m\u00eame plages <a href=\"https:\/\/calallevado.com\/fr\/actualites\/plages-naturistes-costa-brava\/\" target=\"_blank\" rel=\"noopener\">naturistes<\/a><\/p>\r\n\r\n\r\n\r\n<h2 class=\"wp-block-heading\">Quelles activit\u00e9s ?<\/h2>\r\n\r\n\r\n\r\n<p>La r\u00e9gion propose de tr\u00e8s nombreuses activit\u00e9s sportives, culturelles, ludiques&#8230;<\/p>\r\n\r\n\r\n\r\n<p>Pour Castello \/ Empuriabrava, reportez-vous \u00e0 la <a href=\"http:\/\/location-maison-emporda.com\/index.php\/castello-dempuries\/\" target=\"_blank\" rel=\"noopener\">rubrique d\u00e9di\u00e9e<\/a>. En dehors de cela, vous pouvez consulter le site &lsquo;<a href=\"https:\/\/empordaturisme.com\/fr\/\" target=\"_blank\" rel=\"noopener\">Emporda Tourisme<\/a>&lsquo;.<\/p>\r\n\r\n\r\n\r\n<p>Pour les amoureux de la nature, le village se situe au coeur de la r\u00e9serve naturelle des Aiguamolls. Au nord, empruntez les nombreux sentiers de randonn\u00e9es du parc naturel de Cap de Creus, dernier contrefort des Pyr\u00e9n\u00e9es et de l\u2019extr\u00e9mit\u00e9 orientale de la p\u00e9ninsule ib\u00e9rique, et profitez de panoramas \u00e9poustouflants sur la plaine.<\/p>\r\n\r\n\r\n\r\n<figure class=\"wp-block-image size-large\"><img decoding=\"async\" src=\"http:\/\/location-maison-emporda.com\/wp-content\/uploads\/2024\/04\/2560px-Monasterio_Sant_Pere_de_Rodes-1024x683.jpg\" alt=\"\" \/>\r\n<figcaption class=\"wp-element-caption\">Monasterio Sant Pere de Rodes<\/figcaption>\r\n<\/figure>\r\n\r\n\r\n\r\n<p>Par exemple, une petite <a href=\"https:\/\/www.komoot.com\/fr-fr\/discover\/Sant_Pere_de_Rodes\/@42.3233380,3.1656580\/tours?sport=hike&amp;map=true&amp;toursThroughHighlight=321310&amp;focusedTour=14956159\" target=\"_blank\" rel=\"noopener\">randonn\u00e9e familiale<\/a> d&rsquo;une heure (c&rsquo;est une boucle) qui vous m\u00e8nera jusqu&rsquo;au monast\u00e8re San Pere de Rhodes avec des vues magiques sur la Costa Brava, les Pyr\u00e9nn\u00e9es&#8230;. et le monast\u00e8re. Pour cela, garez-vous sur ce petit parking (Mas Vent\u00f3s) situ\u00e9 \u00e0 25 minutes en voiture de Castello d&rsquo;Emp\u00faries.<\/p>\r\n\r\n\r\n\r\n<p>Si vous allez \u00e0 Besal\u00fa, profitez-en pour pour poursuivre un peu vers l&rsquo;ouest jusqu&rsquo;\u00e0 Olot et l&rsquo;\u00e9tonnante zone volcanique de la Gorratxa avec ses &lsquo;petits&rsquo; volcans que vous pourrez gravir facilement \u00e0 pied. Deux soci\u00e9t\u00e9s proposent \u00e9galement le survol en montgolfi\u00e8re mais le prix est vite dissuasif pour une famille.<\/p>\r\n\r\n\r\n\r\n<figure class=\"wp-block-image size-large\"><a href=\"https:\/\/fr.turismegarrotxa.com\/\" target=\"_blank\" rel=\"noreferrer noopener\"><img decoding=\"async\" src=\"https:\/\/fr.turismegarrotxa.com\/img-apartat-3200-1800\/volca-montsacopa-dron-2019_003.jpg\" alt=\"\" \/><\/a>\r\n<figcaption class=\"wp-element-caption\">Volcans de la Gorratxa &#8211; Cr\u00e9dit Photo &lsquo;Turismegorratxa.com&rsquo;<\/figcaption>\r\n<\/figure>\r\n\r\n\r\n\r\n<p>La plaine est parfaitement adapt\u00e9e pour les ballades en v\u00e9lo. Nous vous pr\u00eatons les n\u00f4tres (5) et si besoin il y a deux loueurs de v\u00e9los \u00e0 Empuriabrava. La plaine parfaitement plate et quelques pistes cyclables vous permettront par exemple de vous rendre \u00e0 la plage rapidement et en toute s\u00e9curit\u00e9.<\/p>\r\n\r\n\r\n\r\n<figure class=\"wp-block-image size-full\"><img decoding=\"async\" src=\"http:\/\/location-maison-emporda.com\/wp-content\/uploads\/2024\/04\/520px-010_Garza_imperial_al_Parc_Natural_dels_Aiguamolls_de_lEmporda_ES0000019.jpg\" alt=\"\" \/>\r\n<figcaption class=\"wp-element-caption\">Parc naturel des Aiguamolls<\/figcaption>\r\n<\/figure>\r\n\r\n\r\n\r\n<p>Vous pourrez \u00e9galement sillonnez le parc naturel des Aiguamolls.<\/p>\r\n\r\n\r\n\r\n<p><a href=\"http:\/\/location-maison-emporda.com\/wp-content\/uploads\/2024\/04\/cicloturisme_cc326-5-2017.pdf.pdf\" target=\"blank\" rel=\"noopener\">T\u00e9l\u00e9chargez la petite brochure pour visualiser les circuits et pistes cyclables dans l&rsquo;alterneront Emporda<\/a>.<\/p>\r\n\r\n\r\n\r\n<p>Consultez \u00e9galement notre page \u00ab\u00a0<a href=\"https:\/\/www.location-maison-emporda.com\/index.php\/nos-bons-plans-conseils\/\">bons plans<\/a>\u00ab\u00a0<\/p>\r\n<p>&nbsp;<\/p>\r\n<p>&nbsp;<\/p>\r\n","protected":false},"excerpt":{"rendered":"<p>Le village de Castello d&rsquo;Emp\u00faries est id\u00e9alement situ\u00e9 pour faire une multitude d&rsquo;activit\u00e9s \u00e0 moins d&rsquo;une heure : la plage \u00e0 5 minutes, Barcelone \u00e0 1 heure 30, Figu\u00e8res \u00e0 15 minutes, G\u00e9rone \u00e0 45 minutes, La Garrotxa \u00e0 45 minutes, Cadaqu\u00e8s \u00e0 25 minutes&#8230;. Que visiter ? Le mus\u00e9e Dali Le mus\u00e9e Dali se [&hellip;]<\/p>\n","protected":false},"author":1,"featured_media":0,"parent":0,"menu_order":0,"comment_status":"closed","ping_status":"closed","template":"","meta":{"_uf_show_specific_survey":0,"_uf_disable_surveys":false,"footnotes":""},"class_list":["post-10","page","type-page","status-publish","hentry"],"yoast_head":"<!-- This site is optimized with the Yoast SEO plugin v25.0 - https:\/\/yoast.com\/wordpress\/plugins\/seo\/ -->\n<title>Que faire ? - Casa Mirador d&#039;Emporda<\/title>\n<meta name=\"description\" content=\"Que faire et que voir autour de Castello d&#039;Emp\u00faries ? Notre s\u00e9lection des activit\u00e9s incontournables \u00e0 ne pas manquer.\" \/>\n<meta name=\"robots\" content=\"index, follow, max-snippet:-1, max-image-preview:large, max-video-preview:-1\" \/>\n<link rel=\"canonical\" href=\"http:\/\/www.location-maison-emporda.com\/index.php\/quelles-activites\/\" \/>\n<meta property=\"og:locale\" content=\"fr_FR\" \/>\n<meta property=\"og:type\" content=\"article\" \/>\n<meta property=\"og:title\" content=\"Que faire ? - Casa Mirador d&#039;Emporda\" \/>\n<meta property=\"og:description\" content=\"Que faire et que voir autour de Castello d&#039;Emp\u00faries ? Notre s\u00e9lection des activit\u00e9s incontournables \u00e0 ne pas manquer.\" \/>\n<meta property=\"og:url\" content=\"http:\/\/www.location-maison-emporda.com\/index.php\/quelles-activites\/\" \/>\n<meta property=\"og:site_name\" content=\"Casa Mirador d&#039;Emporda\" \/>\n<meta property=\"article:modified_time\" content=\"2025-03-25T10:45:34+00:00\" \/>\n<meta property=\"og:image\" content=\"http:\/\/location-maison-emporda.com\/wp-content\/uploads\/2024\/04\/castello-distance.jpg\" \/>\n<meta name=\"twitter:card\" content=\"summary_large_image\" \/>\n<meta name=\"twitter:label1\" content=\"Dur\u00e9e de lecture estim\u00e9e\" \/>\n\t<meta name=\"twitter:data1\" content=\"6 minutes\" \/>\n<script type=\"application\/ld+json\" class=\"yoast-schema-graph\">{\"@context\":\"https:\/\/schema.org\",\"@graph\":[{\"@type\":\"WebPage\",\"@id\":\"http:\/\/www.location-maison-emporda.com\/index.php\/quelles-activites\/\",\"url\":\"http:\/\/www.location-maison-emporda.com\/index.php\/quelles-activites\/\",\"name\":\"Que faire ? - Casa Mirador d&#039;Emporda\",\"isPartOf\":{\"@id\":\"https:\/\/www.location-maison-emporda.com\/#website\"},\"primaryImageOfPage\":{\"@id\":\"http:\/\/www.location-maison-emporda.com\/index.php\/quelles-activites\/#primaryimage\"},\"image\":{\"@id\":\"http:\/\/www.location-maison-emporda.com\/index.php\/quelles-activites\/#primaryimage\"},\"thumbnailUrl\":\"http:\/\/location-maison-emporda.com\/wp-content\/uploads\/2024\/04\/castello-distance.jpg\",\"datePublished\":\"2024-03-17T09:02:43+00:00\",\"dateModified\":\"2025-03-25T10:45:34+00:00\",\"description\":\"Que faire et que voir autour de Castello d'Emp\u00faries ? Notre s\u00e9lection des activit\u00e9s incontournables \u00e0 ne pas manquer.\",\"breadcrumb\":{\"@id\":\"http:\/\/www.location-maison-emporda.com\/index.php\/quelles-activites\/#breadcrumb\"},\"inLanguage\":\"fr-FR\",\"potentialAction\":[{\"@type\":\"ReadAction\",\"target\":[\"http:\/\/www.location-maison-emporda.com\/index.php\/quelles-activites\/\"]}]},{\"@type\":\"ImageObject\",\"inLanguage\":\"fr-FR\",\"@id\":\"http:\/\/www.location-maison-emporda.com\/index.php\/quelles-activites\/#primaryimage\",\"url\":\"http:\/\/location-maison-emporda.com\/wp-content\/uploads\/2024\/04\/castello-distance.jpg\",\"contentUrl\":\"http:\/\/location-maison-emporda.com\/wp-content\/uploads\/2024\/04\/castello-distance.jpg\"},{\"@type\":\"BreadcrumbList\",\"@id\":\"http:\/\/www.location-maison-emporda.com\/index.php\/quelles-activites\/#breadcrumb\",\"itemListElement\":[{\"@type\":\"ListItem\",\"position\":1,\"name\":\"Accueil\",\"item\":\"https:\/\/www.location-maison-emporda.com\/\"},{\"@type\":\"ListItem\",\"position\":2,\"name\":\"Que faire ?\"}]},{\"@type\":\"WebSite\",\"@id\":\"https:\/\/www.location-maison-emporda.com\/#website\",\"url\":\"https:\/\/www.location-maison-emporda.com\/\",\"name\":\"Casa Mirador d'Emporda\",\"description\":\"Location maison enti\u00e8re \u00e0 Castello d&#039;Empuries\",\"potentialAction\":[{\"@type\":\"SearchAction\",\"target\":{\"@type\":\"EntryPoint\",\"urlTemplate\":\"https:\/\/www.location-maison-emporda.com\/?s={search_term_string}\"},\"query-input\":{\"@type\":\"PropertyValueSpecification\",\"valueRequired\":true,\"valueName\":\"search_term_string\"}}],\"inLanguage\":\"fr-FR\"}]}<\/script>\n<!-- \/ Yoast SEO plugin. -->","yoast_head_json":{"title":"Que faire ? - Casa Mirador d&#039;Emporda","description":"Que faire et que voir autour de Castello d'Emp\u00faries ? Notre s\u00e9lection des activit\u00e9s incontournables \u00e0 ne pas manquer.","robots":{"index":"index","follow":"follow","max-snippet":"max-snippet:-1","max-image-preview":"max-image-preview:large","max-video-preview":"max-video-preview:-1"},"canonical":"http:\/\/www.location-maison-emporda.com\/index.php\/quelles-activites\/","og_locale":"fr_FR","og_type":"article","og_title":"Que faire ? - Casa Mirador d&#039;Emporda","og_description":"Que faire et que voir autour de Castello d'Emp\u00faries ? Notre s\u00e9lection des activit\u00e9s incontournables \u00e0 ne pas manquer.","og_url":"http:\/\/www.location-maison-emporda.com\/index.php\/quelles-activites\/","og_site_name":"Casa Mirador d&#039;Emporda","article_modified_time":"2025-03-25T10:45:34+00:00","og_image":[{"url":"http:\/\/location-maison-emporda.com\/wp-content\/uploads\/2024\/04\/castello-distance.jpg","type":"","width":"","height":""}],"twitter_card":"summary_large_image","twitter_misc":{"Dur\u00e9e de lecture estim\u00e9e":"6 minutes"},"schema":{"@context":"https:\/\/schema.org","@graph":[{"@type":"WebPage","@id":"http:\/\/www.location-maison-emporda.com\/index.php\/quelles-activites\/","url":"http:\/\/www.location-maison-emporda.com\/index.php\/quelles-activites\/","name":"Que faire ? - Casa Mirador d&#039;Emporda","isPartOf":{"@id":"https:\/\/www.location-maison-emporda.com\/#website"},"primaryImageOfPage":{"@id":"http:\/\/www.location-maison-emporda.com\/index.php\/quelles-activites\/#primaryimage"},"image":{"@id":"http:\/\/www.location-maison-emporda.com\/index.php\/quelles-activites\/#primaryimage"},"thumbnailUrl":"http:\/\/location-maison-emporda.com\/wp-content\/uploads\/2024\/04\/castello-distance.jpg","datePublished":"2024-03-17T09:02:43+00:00","dateModified":"2025-03-25T10:45:34+00:00","description":"Que faire et que voir autour de Castello d'Emp\u00faries ? Notre s\u00e9lection des activit\u00e9s incontournables \u00e0 ne pas manquer.","breadcrumb":{"@id":"http:\/\/www.location-maison-emporda.com\/index.php\/quelles-activites\/#breadcrumb"},"inLanguage":"fr-FR","potentialAction":[{"@type":"ReadAction","target":["http:\/\/www.location-maison-emporda.com\/index.php\/quelles-activites\/"]}]},{"@type":"ImageObject","inLanguage":"fr-FR","@id":"http:\/\/www.location-maison-emporda.com\/index.php\/quelles-activites\/#primaryimage","url":"http:\/\/location-maison-emporda.com\/wp-content\/uploads\/2024\/04\/castello-distance.jpg","contentUrl":"http:\/\/location-maison-emporda.com\/wp-content\/uploads\/2024\/04\/castello-distance.jpg"},{"@type":"BreadcrumbList","@id":"http:\/\/www.location-maison-emporda.com\/index.php\/quelles-activites\/#breadcrumb","itemListElement":[{"@type":"ListItem","position":1,"name":"Accueil","item":"https:\/\/www.location-maison-emporda.com\/"},{"@type":"ListItem","position":2,"name":"Que faire ?"}]},{"@type":"WebSite","@id":"https:\/\/www.location-maison-emporda.com\/#website","url":"https:\/\/www.location-maison-emporda.com\/","name":"Casa Mirador d'Emporda","description":"Location maison enti\u00e8re \u00e0 Castello d&#039;Empuries","potentialAction":[{"@type":"SearchAction","target":{"@type":"EntryPoint","urlTemplate":"https:\/\/www.location-maison-emporda.com\/?s={search_term_string}"},"query-input":{"@type":"PropertyValueSpecification","valueRequired":true,"valueName":"search_term_string"}}],"inLanguage":"fr-FR"}]}},"_links":{"self":[{"href":"https:\/\/www.location-maison-emporda.com\/index.php\/wp-json\/wp\/v2\/pages\/10","targetHints":{"allow":["GET"]}}],"collection":[{"href":"https:\/\/www.location-maison-emporda.com\/index.php\/wp-json\/wp\/v2\/pages"}],"about":[{"href":"https:\/\/www.location-maison-emporda.com\/index.php\/wp-json\/wp\/v2\/types\/page"}],"author":[{"embeddable":true,"href":"https:\/\/www.location-maison-emporda.com\/index.php\/wp-json\/wp\/v2\/users\/1"}],"replies":[{"embeddable":true,"href":"https:\/\/www.location-maison-emporda.com\/index.php\/wp-json\/wp\/v2\/comments?post=10"}],"version-history":[{"count":40,"href":"https:\/\/www.location-maison-emporda.com\/index.php\/wp-json\/wp\/v2\/pages\/10\/revisions"}],"predecessor-version":[{"id":525,"href":"https:\/\/www.location-maison-emporda.com\/index.php\/wp-json\/wp\/v2\/pages\/10\/revisions\/525"}],"wp:attachment":[{"href":"https:\/\/www.location-maison-emporda.com\/index.php\/wp-json\/wp\/v2\/media?parent=10"}],"curies":[{"name":"wp","href":"https:\/\/api.w.org\/{rel}","templated":true}]}}